 + 1. Suppose -f*r - 12 = 0, -r - 8 = -3*q + 2*q. List the prime factors of q.
2
Let t(f) = 5*f + 2 - 6 - 1. Let k be t(-6). Let u = -25 - k. List the prime factors of u.
2, 5
Suppose -5*w + 12 = -2*w. Let k = 5 - w. List the prime factors of 11/((3 - k)/2).
11
Let w = -121 - -185. What are the prime factors of w?
2
Suppose 13 + 17 = c. Suppose -3*r + c = -2*g + 5, 2*g = -4*r - 4. Let w = g - -13. What are the prime factors of w?
5
Suppose 5*p - 5 - 60 = 0. Let m = p - -26. List the prime factors of m.
3, 13
Let h be 2/(7/2 - 3). Suppose 5*q - 201 = -4*f, -h*f + 4*q = -0*q - 156. List the prime factors of f.
2, 11
Let h be ((-16)/6)/((-2)/3). Suppose -42 = -k - k - h*o, -3*k + 3*o = -36. Suppose 4*a - k = 3*t + 23, -2*a + 3*t + 16 = 0. List the prime factors of a.
11
List the prime factors of (-1048)/10*40/(-16).
2, 131
Let v(g) = g**3 - 7*g**2 - 6*g + 3. Let o be v(8). Let k = 29 - o. List the prime factors of k.
2, 5
Let n(x) = -5*x + 1. Let q(d) = -6*d + 2. Let p(b) = -3*n(b) + 2*q(b). What are the prime factors of p(1)?
2
Let a = 3 + -4. Let x be ((-3)/2)/(a/4). Let m = 10 - x. What are the prime factors of m?
2
Let l(u) = -3*u - 5. Let b be 10*2*(-3)/12. List the prime factors of l(b).
2, 5
Suppose -5*x = -3*r - 213, -71 - 134 = -5*x + 5*r. What are the prime factors of x?
3, 5
Let v(m) = -m**2 - 9*m - 9. Suppose 4*u + a - 6 = -a, -15 = -2*u + 3*a. Suppose u*f + 12 + 16 = 2*z, -2*z - 14 = 4*f. List the prime factors of v(f).
3
Suppose -30 = -0*o + 3*o - c, 0 = -2*o + 2*c - 20. Let y = o - -17. What are the prime factors of y?
7
Suppose -2*x + x + 20 = 0. What are the prime factors of x?
2, 5
Let x = 136 + -72. Suppose a - 209 = -5*k - x, -k + 48 = 4*a. Suppose 0 = -4*f + z + 41, -4 + k = 3*f - 3*z. What are the prime factors of f?
11
Let y be (48/56)/(2/28). Suppose 3 = n - y. List the prime factors of n.
3, 5
Let t(a) = a**2 - 3*a**2 - a**3 + 0*a**3 + 3*a. Let g be t(-3). Suppose 0*p - 2*u - 26 = -4*p, g = -2*p + 5*u + 9. List the prime factors of p.
7
Let v(k) = 7*k**2 + 0 + 4*k - 4 - 4 + k**3. Let f be v(-6). Suppose -15 = h - f*h. List the prime factors of h.
5
Suppose 2*s + 0*s - 70 = 0. List the prime factors of s.
5, 7
Suppose -11*a = -10*a - 5. Let m(d) = -5*d**2 + 10*d - 4. Let c(z) = -14*z**2 + 29*z - 11. Let l(q) = 4*c(q) - 11*m(q). List the prime factors of l(a).
5
Suppose 4*i - 164 = 2*z, -3*z - 160 = -4*i - 0*i. What are the prime factors of i?
43
Let d(a) = a**3 - 6*a**2 - 6*a - 9. Let k be d(5). Suppose -12 = 3*h + 6. List the prime factors of (-1)/(-3) + k/h.
11
Let s(o) = o**3 - 6*o**2 + 2*o + 6. Let f be s(6). Let g = 25 - f. What are the prime factors of g?
7
Suppose 15 = 4*h + h. Suppose 14 = -5*a - h*z - 9, 4*a + 2*z = -18. Let g = a - -11. What are the prime factors of g?
7
Let r = 83 + -25. List the prime factors of r.
2, 29
Suppose -b = b + 4. Let k(q) = -q. What are the prime factors of k(b)?
2
Suppose -3*y - 1 = 4*g + 25, 2*y + 5*g + 15 = 0. Let m be -29 - (1*-1 + 0). List the prime factors of m/y - (-2)/10.
3
Let x = 6 + -7. What are the prime factors of 14/3 + x/(-3)?
5
Let k = 10 - 6. Suppose z - 11 = -w, -2*w = -k*z - 5*w + 39. Suppose 0*v + 2*f - 16 = -2*v, 3*f = z. List the prime factors of v.
2, 3
Let n(o) = o**3 - 9*o**2 + 4. Suppose -9*f = -4*f - 45. Let u be n(f). Suppose 3*g - 3*i = -0*i + 30, u*g + i - 25 = 0. What are the prime factors of g?
7
Suppose 6 = 3*r - 12. Suppose 3*n - r = -0*n. What are the prime factors of n?
2
Suppose 149 = -28*k + 29*k. List the prime factors of k.
149
Suppose -3*h - 226 = -46. Let d = -41 - h. List the prime factors of d.
19
Suppose -3*f - 7 - 2 = 0. Let z(r) = -2*r. Let l(o) = -5*o - 1. Let n(h) = f*l(h) + 7*z(h). What are the prime factors of n(5)?
2
Suppose 6*n = 2*n - 4*u + 68, -2*n - 5*u = -34. Let c be ((-15)/9)/((-1)/(-3)). Let s = c + n. List the prime factors of s.
2, 3
Suppose -5*v + 1 = 2*j - 8, -4*v = j - 3. Let p = j - 5. Suppose 0 = q - 2*z, p*q - 39 = -4*z - 7. What are the prime factors of q?
2
Let o(m) = -m**2 - 5*m + 13. What are the prime factors of o(-6)?
7
Let l = 33 + -18. Let w be l - 2*(2 + -1). Let t = -8 + w. What are the prime factors of t?
5
Let v(d) = d**3 + 4*d**2 - 7*d - 1. Let n = -12 - -7. Let j be v(n). List the prime factors of 9*((-3)/j)/(-1).
3
Suppose -3*k + 12 = -3*t, -2*k + 11 = -9*t + 4*t. Let c(p) = -p. Let w(h) = 2*h + 1. Let r(v) = -7*c(v) - 2*w(v). What are the prime factors of r(k)?
7
Suppose -3*j - 6 = -6*j. Suppose j*t + k = -3*t + 18, 3*t - 22 = 5*k. Suppose 0 = p + t*p - 40. List the prime factors of p.
2
Let g = 103 + -48. What are the prime factors of g?
5, 11
Suppose -2*b + 3*b + 8 = 0. Let t = b + 20. What are the prime factors of t?
2, 3
Let k(w) = -w**3 + w**2 - w + 102. List the prime factors of k(0).
2, 3, 17
Let j = -111 + 239. What are the prime factors of j?
2
Suppose 0*l - 3*l + 378 = 0. List the prime factors of l.
2, 3, 7
Suppose -3*r = 6*f - f - 30, 0 = -4*f + r + 41. Suppose 4*x + 185 = f*x. What are the prime factors of x?
37
What are the prime factors of (-1541)/(-184) - 3/8?
2
Suppose 1 = p - 4. Suppose 0 = 3*u - 2*d + 4*d - 49, 5*u + p*d - 80 = 0. What are the prime factors of u?
17
Let f(i) be the third derivative of i**4/24 - i**3/2 - 2*i**2. Let u be f(7). List the prime factors of (-14)/(-8) + u/16.
2
Let f = -280 + 432. What are the prime factors of f?
2, 19
Let g(w) be the first derivative of 5*w**2/2 - 2. Let x be g(1). Suppose -x*y + 13 = -7. List the prime factors of y.
2
List the prime factors of -2*5/20*-78.
3, 13
Suppose 5*d - n = 0, 3*n - 2*n = -2*d + 7. Suppose 4*j + 9 = -15. List the prime factors of d + 0 - j/1.
7
Suppose -1 = 4*q + 5*n, -5*q + n + 6 = -0*q. Let b be q + 3 + -3 - -8. Suppose -3*u + b + 18 = 0. List the prime factors of u.
3
Suppose 0*w + 3*w = 0. List the prime factors of 2 + (-2 - w) - -2.
2
Let l be (-2 + 1)/((-1)/11). Let d = 16 - l. Suppose 2*x + 3*z - 11 = 0, -d*x - 2*z = -3*z - 19. What are the prime factors of x?
2
Suppose 0*t + 5*t - 533 = h, h = -2*t + 216. What are the prime factors of t?
107
Suppose -2*i = 3*v - 140, 5*v - 5*i = -i + 204. What are the prime factors of v?
2, 11
Suppose 112 = 5*q - z, 5*q - 137 + 34 = 4*z. What are the prime factors of q?
23
List the prime factors of 11 + -13 + 14/2.
5
Let m be (6/(-4))/(6/(-4)). What are the prime factors of -37*(-4 + 3)*m?
37
Suppose -5*f + 3 + 7 = 0. Suppose -4*v + 26 = -f*v. List the prime factors of v.
13
Let n be (6/15)/(1/180). Suppose 0 = -0*z - 3*z + n. Suppose -z = -3*u + u. List the prime factors of u.
2, 3
Suppose 2*s + 62 = 3*l, -s = -5*l + 145 - 30. Suppose -4*k = 3*b - 187, b + 14 = k - l. What are the prime factors of k?
43
Let z = 82 - 38. List the prime factors of z.
2, 11
Suppose -16 = -5*y + z - 2*z, 2*y - 2*z - 4 = 0. Let h(p) = 3*p - 2 - 2 - y. List the prime factors of h(6).
11
Let c = 154 - 90. Suppose c = 2*y - 28. What are the prime factors of y?
2, 23
Let r(q) = 17*q**2 - q + 1. What are the prime factors of r(2)?
67
List the prime factors of 4/(60/9)*(614 - 9).
3, 11
Suppose -2*l - 3*m = -2*m - 8, -4*l + 28 = -4*m. List the prime factors of l.
5
Let o(k) be the second derivative of -k**4/12 - 3*k**3/2 - k**2/2 + 5*k. List the prime factors of o(-8).
7
Suppose -i + 6*i = -4*r + 133, i = -3*r + 97. What are the prime factors of r?
2
Suppose 2*i + 6 = -k + 6*i, -4*i = -2*k. Suppose 1 + 1 = -r, -2*r = 5*s - k. List the prime factors of s.
2
Let h = 4 - 2. Suppose h*b - 4*b + 28 = 0. List the prime factors of b.
2, 7
Let m = 2 + 3. Suppose -3*s + m = 2. List the prime factors of (-4 - -3)*-8*s.
2
Let a = -23 - -15. Let t(h) = 3*h + 2*h**2 - h**2 - 7 + 3*h. List the prime factors of t(a).
3
Suppose 0 = -5*w + 5. Let x = 2 - w. Let j = x + 2. List the prime factors of j.
3
Suppose 3*r + 2 = 4*r. Suppose 1 - r = g. Let a(l) = -3*l - 1. What are the prime factors of a(g)?
2
Let v(o) = -o**2 - 13*o - 4. List the prime factors of v(-6).
2, 19
Let j = -14 + 42. What are the prime factors of 2/(-7) - (-428)/j?
3, 5
Let j = -6 - -9. What are the prime factors of 6/j + 7 + 1?
2, 5
Let h = -8 + 27. What are the prime factors of h?
19
Let x(t) = -t**3 + 10*t**2 + t + 14. List the prime factors of x(9).
2, 13
Suppose -d + 1 - 2 = 0. Let s = 14 + d. What are the prime factors of s?
13
Suppose 4